43, 97, 1103
List the prime factors of 166760792.
2, 11, 1895009
List the prime factors of 1242550387.
13, 41, 613, 3803
List the prime factors of 168090881.
7, 24012983
What are the prime factors of 495416241?
3, 19, 2897171
What are the prime factors of 2388025060?
2, 5, 6073, 19661
What are the prime factors of 1578587010?
2, 3, 5, 7, 11, 13, 52567
List the prime factors of 318782364.
2, 3, 26565197
List the prime factors of 64035465.
3, 5, 13, 541, 607
What are the prime factors of 1801538472?
2, 3, 3169, 23687
What are the prime factors of 1197132078?
2, 3, 17, 11736589
List the prime factors of 1246179567.
3, 4271, 97259
List the prime factors of 4352543986.
2, 7, 310895999
List the prime factors of 120261496.
2, 367, 40961
List the prime factors of 99154055.
5, 7, 11, 13, 1801
What are the prime factors of 1501559020?
2, 5, 13, 593, 9739
What are the prime factors of 20213403?
3, 7, 962543
What are the prime factors of 5230164294?
2, 3, 997, 291439
List the prime factors of 131296841.
13, 10099757
List the prime factors of 22427623.
3331, 6733
What are the prime factors of 760325009?
5021, 151429
List the prime factors of 3480346743.
3, 17, 68242093
What are the prime factors of 712875534?
2, 3, 7, 16973227
What are the prime factors of 208067452?
2, 179, 290597
What are the prime factors of 20576811?
3, 6858937
What are the prime factors of 2227408693?
13687, 162739
List the prime factors of 142251791.
11, 37, 83, 4211
What are the prime factors of 91090201?
91090201
List the prime factors of 206733737.
7, 19, 73, 107, 199
What are the prime factors of 64140953?
29, 31, 71347
What are the prime factors of 3068800386?
2, 3, 6691, 76441
What are the prime factors of 109494073?
13, 499, 16879
List the prime factors of 87530146.
2, 11, 3978643
What are the prime factors of 98463421?
7, 43, 373, 877
What are the prime factors of 3636048225?
3, 5, 48480643
List the prime factors of 62581456.
2, 7, 157, 3559
List the prime factors of 45323314.
2, 22661657
List the prime factors of 77654838.
2, 3, 12942473
List the prime factors of 3071241698.
2, 7, 1801, 17401
List the prime factors of 6117861749.
31, 197350379
What are the prime factors of 1830699300?
2, 3, 5, 211, 28921
List the prime factors of 92526025.
5, 409, 9049
List the prime factors of 1524151978.
2, 61, 12493049
List the prime factors of 47552172.
2, 3, 1451, 2731
List the prime factors of 46536191.
13, 17, 43, 59, 83
List the prime factors of 616969313.
59, 1201, 8707
What are the prime factors of 25041667?
7, 379, 9439
List the prime factors of 1339422187.
281, 4766627
What are the prime factors of 1561322320?
2, 5, 283, 68963
What are the prime factors of 136037723?
17, 8002219
List the prime factors of 15611527.
15611527
What are the prime factors of 3621294201?
3, 7, 172442581
List the prime factors of 40253254.
2, 97, 207491
What are the prime factors of 82755758?
2, 41377879
What are the prime factors of 2335840475?
5, 93433619
What are the prime factors of 484260077?
7, 109, 634679
List the prime factors of 2599032424.
2, 324879053
List the prime factors of 23570771.
7, 3367253
What are the prime factors of 146056450?
2, 5, 2921129
List the prime factors of 1075954962.
2, 3, 179325827
List the prime factors of 19346980.
2, 5, 967349
What are the prime factors of 52982268?
2, 3, 17, 259717
What are the prime factors of 23698210?
2, 5, 223, 10627
List the prime factors of 613855603.
1327, 462589
List the prime factors of 18663264.
2, 3, 21601
List the prime factors of 4695150405.
3, 5, 11, 521, 54617
What are the prime factors of 5987775814?
2, 2993887907
List the prime factors of 72616789.
7, 149, 69623
List the prime factors of 15099105.
3, 5, 7, 20543
List the prime factors of 1542469371.
3, 29, 17729533
What are the prime factors of 135098086?
2, 67549043
What are the prime factors of 73182143?
73182143
What are the prime factors of 27371727?
3, 3041303
What are the prime factors of 172266139?
47, 3665237
List the prime factors of 166922499.
3, 5503, 10111
List the prime factors of 230859880.
2, 5, 19, 179, 1697
What are the prime factors of 1109253279?
3, 877, 421609
List the prime factors of 448695658.
2, 4423, 50723
What are the prime factors of 974625973?
313, 3113821
List the prime factors of 479196560.
2, 5, 2203, 2719
What are the prime factors of 815089813?
163, 5000551
List the prime factors of 7278800649.
3, 19, 71, 193, 9319
List the prime factors of 1351950.
2, 3, 5, 9013
List the prime factors of 435951964.
2, 7, 15569713
What are the prime factors of 15719066?
2, 11, 714503
What are the prime factors of 64618831?
461, 140171
What are the prime factors of 2230762?
2, 1115381
What are the prime factors of 164656435?
5, 587, 56101
What are the prime factors of 89407742?
2, 44703871
List the prime factors of 2019096521.
13, 2579, 60223
What are the prime factors of 90811977?
3, 17, 1780627
List the prime factors of 68043902.
2, 19, 101, 17729
What are the prime factors of 366779235?
3, 5, 41, 89, 6701
What are the prime factors of 156911433?
3, 7, 7471973
What are the prime factors of 169698272?
2, 19, 279109
What are the prime factors of 1579260887?
1289, 1225183
List the prime factors of 256894270.
2, 5, 1031, 24917
List the prime factors of 400726577.
400726577
What are the prime factors of 57248137?
57248137
List the prime factors of 1627416797.
1979, 822343
List the prime factors of 609466595.
5, 121893319
List the prime factors of 68832051.
3, 29, 401, 1973
What are the prime factors of 1301066429?
13, 100082033
List the prime factors of 531047058.
2, 3, 88507843
List the prime factors of 5951490839.
7, 4253, 199909
List the prime factors of 1503964982.
2, 13, 57844807
What are the prime factors of 948543529?
23, 1367, 30169
What are the prime factors of 2273268726?
2, 3, 14032523
What are the prime factors of 28922801?
4783, 6047
List the prime factors of 170795208.
2, 3, 373, 19079
List the prime factors of 21247895.
5, 4249579
What are the prime factors of 85253198?
2, 17, 157, 15971
List the prime factors of 2523713599.
11, 14723, 15583
List the prime factors of 1233066088.
2, 71, 199, 10909
What are the prime factors of 850704198?
2, 3, 1277, 111029
List the prime factors of 132820299.
3, 14757811
List the prime factors of 95043825.
3, 5, 367, 1151
What are the prime factors of 54603511?
19, 691, 4159
List the prime factors of 8060883.
3, 19, 103, 1373
What are the prime factors of 5163912380?
2, 5, 11, 23472329
List the prime factors of 19768506.
2, 3, 3294751
List the prime factors of 215571471.
3, 29, 101, 24533
What are the prime factors of 698841093?
3, 53, 4395227
List the prime factors of 1527419136.
2, 3, 103, 19309
List the prime factors of 823204285.
5, 59, 47297
List the prime factors of 86551049.
13, 6657773
List the prime factors of 5080703.
5080703
What are the prime factors of 216664954?
2, 11, 53, 185819
What are the prime factors of 175853090?
2, 5, 7, 127, 131, 151
List the prime factors of 3753171776.
2, 73, 803333
List the prime factors of 2820820857.
3, 59, 563, 28307
What are the prime factors of 2186526071?
3739, 584789
What are the prime factors of 842359124?
2, 210589781
List the prime factors of 73565064.
2, 3, 340579
What are the prime factors of 79515036?
2, 3, 2208751
List the prime factors of 107937441.
3, 444187
What are the prime factors of 6814677392?
2, 17, 47, 533063
List the prime factors of 64610293.
11, 31, 189473
List the prime factors of 3133362739.
13, 29, 2753, 3019
What are the prime factors of 2011064685?
3, 5, 7, 23, 79, 83, 127
What are the prime factors of 711608086?
2, 7, 23, 59, 5351
List the prime factors of 28091547.
3, 11, 37, 7669
List the prime factors of 1799641691.
1799641691
What are the prime factors of 327869388?
2, 3, 7, 11, 61, 277
What are the prime factors of 134065553?
17, 1783, 4423
What are the prime factors of 402236?
2, 100559
List the prime factors of 338276807.
11, 89, 345533
List the prime factors of 1337329338.
2, 3, 797, 279659
What are the prime factors of 4416498?
2, 3, 17, 283
List the prime factors of 48218381.
47, 709, 1447
What are the prime factors of 42570860?
2, 5, 43, 59, 839
What are the prime factors of 116500532?
2, 499, 58367
List the prime factors of 186028009